{"id":13,"date":"2023-12-06T15:37:46","date_gmt":"2023-12-06T14:37:46","guid":{"rendered":"https:\/\/vinciingenieria.com\/?page_id=13"},"modified":"2023-12-20T00:41:05","modified_gmt":"2023-12-19T23:41:05","slug":"quienes-somos","status":"publish","type":"page","link":"https:\/\/vinciingenieria.com\/index.php\/quienes-somos\/","title":{"rendered":"Qui\u00e9nes somos"},"content":{"rendered":"\t\t<div data-elementor-type=\"wp-page\" data-elementor-id=\"13\" class=\"elementor elementor-13\" data-elementor-post-type=\"page\">\n\t\t\t\t<div class=\"elementor-element elementor-element-c9077b0 e-flex e-con-boxed e-con e-parent\" data-id=\"c9077b0\" data-element_type=\"container\" data-settings=\"{&quot;background_background&quot;:&quot;classic&quot;}\">\n\t\t\t\t\t<div class=\"e-con-inner\">\n\t\t\t\t<div class=\"elementor-element elementor-element-c279f84 elementor-widget elementor-widget-heading\" data-id=\"c279f84\" data-element_type=\"widget\" data-widget_type=\"heading.default\">\n\t\t\t\t<div class=\"elementor-widget-container\">\n\t\t\t\t\t<h1 class=\"elementor-heading-title elementor-size-default\">QUI\u00c9NES SOMOS<\/h1>\t\t\t\t<\/div>\n\t\t\t\t<\/div>\n\t\t\t\t<div class=\"elementor-element elementor-element-2460aa5 elementor-widget elementor-widget-text-editor\" data-id=\"2460aa5\" data-element_type=\"widget\" data-widget_type=\"text-editor.default\">\n\t\t\t\t<div class=\"elementor-widget-container\">\n\t\t\t\t\t\t\t\t\t<p><strong>VINCI INGENIERIA Y MANTENIMIENTO S.A.S &#8211; INGENIER\u00cdA EN FACILITY MANAGER<\/strong><\/p>\t\t\t\t\t\t\t\t<\/div>\n\t\t\t\t<\/div>\n\t\t\t\t<div class=\"elementor-element elementor-element-fdc6f41 elementor-align-center elementor-mobile-align-center elementor-widget elementor-widget-button\" data-id=\"fdc6f41\" data-element_type=\"widget\" data-widget_type=\"button.default\">\n\t\t\t\t<div class=\"elementor-widget-container\">\n\t\t\t\t\t\t\t\t\t<div class=\"elementor-button-wrapper\">\n\t\t\t\t\t<a class=\"elementor-button elementor-button-link elementor-size-sm elementor-animation-float\" href=\"https:\/\/vinciingenieria.com\/index.php\/contacto\/https:\/\/vinciingenieria.com\/index.php\/contacto\/https:\/\/vinciingenieria.com\/index.php\/contacto\/https:\/\/vinciingenieria.com\/index.php\/contacto\/https:\/\/vinciingenieria.com\/index.php\/contacto\/https:\/\/vinciingenieria.com\/index.php\/contacto\/https:\/\/vinciingenieria.com\/index.php\/contacto\/\">\n\t\t\t\t\t\t<span class=\"elementor-button-content-wrapper\">\n\t\t\t\t\t\t\t\t\t<span class=\"elementor-button-text\">Cont\u00e1ctanos ahora<\/span>\n\t\t\t\t\t<\/span>\n\t\t\t\t\t<\/a>\n\t\t\t\t<\/div>\n\t\t\t\t\t\t\t\t<\/div>\n\t\t\t\t<\/div>\n\t\t\t\t<div class=\"elementor-element elementor-element-b606af6 elementor-mobile-align-center elementor-icon-list--layout-traditional elementor-list-item-link-full_width elementor-widget elementor-widget-icon-list\" data-id=\"b606af6\" data-element_type=\"widget\" data-widget_type=\"icon-list.default\">\n\t\t\t\t<div class=\"elementor-widget-container\">\n\t\t\t\t\t\t\t<ul class=\"elementor-icon-list-items\">\n\t\t\t\t\t\t\t<li class=\"elementor-icon-list-item\">\n\t\t\t\t\t\t\t\t\t\t\t<span class=\"elementor-icon-list-icon\">\n\t\t\t\t\t\t\t<svg aria-hidden=\"true\" class=\"e-font-icon-svg e-far-arrow-alt-circle-down\" viewBox=\"0 0 512 512\" xmlns=\"http:\/\/www.w3.org\/2000\/svg\"><path d=\"M256 8C119 8 8 119 8 256s111 248 248 248 248-111 248-248S393 8 256 8zm0 448c-110.5 0-200-89.5-200-200S145.5 56 256 56s200 89.5 200 200-89.5 200-200 200zm-32-316v116h-67c-10.7 0-16 12.9-8.5 20.5l99 99c4.7 4.7 12.3 4.7 17 0l99-99c7.6-7.6 2.2-20.5-8.5-20.5h-67V140c0-6.6-5.4-12-12-12h-40c-6.6 0-12 5.4-12 12z\"><\/path><\/svg>\t\t\t\t\t\t<\/span>\n\t\t\t\t\t\t\t\t\t\t<span class=\"elementor-icon-list-text\">Scroll<\/span>\n\t\t\t\t\t\t\t\t\t<\/li>\n\t\t\t\t\t\t<\/ul>\n\t\t\t\t\t\t<\/div>\n\t\t\t\t<\/div>\n\t\t\t\t\t<\/div>\n\t\t\t\t<\/div>\n\t\t<div class=\"elementor-element elementor-element-576a195 e-flex e-con-boxed e-con e-parent\" data-id=\"576a195\" data-element_type=\"container\">\n\t\t\t\t\t<div class=\"e-con-inner\">\n\t\t\t\t<div class=\"elementor-element elementor-element-37d0349 elementor-widget elementor-widget-heading\" data-id=\"37d0349\" data-element_type=\"widget\" data-widget_type=\"heading.default\">\n\t\t\t\t<div class=\"elementor-widget-container\">\n\t\t\t\t\t<h2 class=\"elementor-heading-title elementor-size-default\">Con\u00f3cenos<\/h2>\t\t\t\t<\/div>\n\t\t\t\t<\/div>\n\t\t\t\t<div class=\"elementor-element elementor-element-b070afa elementor-widget elementor-widget-text-editor\" data-id=\"b070afa\" data-element_type=\"widget\" data-widget_type=\"text-editor.default\">\n\t\t\t\t<div class=\"elementor-widget-container\">\n\t\t\t\t\t\t\t\t\t<p>Nuestra pasi\u00f3n es construir el futuro con innovaci\u00f3n.<\/p>\t\t\t\t\t\t\t\t<\/div>\n\t\t\t\t<\/div>\n\t\t\t\t\t<\/div>\n\t\t\t\t<\/div>\n\t\t<div class=\"elementor-element elementor-element-baa26e5 e-flex e-con-boxed e-con e-parent\" data-id=\"baa26e5\" data-element_type=\"container\" data-settings=\"{&quot;background_background&quot;:&quot;classic&quot;}\">\n\t\t\t\t\t<div class=\"e-con-inner\">\n\t\t<div class=\"elementor-element elementor-element-6d254d8 e-flex e-con-boxed e-con e-child\" data-id=\"6d254d8\" data-element_type=\"container\">\n\t\t\t\t\t<div class=\"e-con-inner\">\n\t\t\t\t<div class=\"elementor-element elementor-element-08ae25b elementor-widget elementor-widget-image\" data-id=\"08ae25b\" data-element_type=\"widget\" data-widget_type=\"image.default\">\n\t\t\t\t<div class=\"elementor-widget-container\">\n\t\t\t\t\t\t\t\t\t\t\t\t\t\t\t<img fetchpriority=\"high\" decoding=\"async\" width=\"1920\" height=\"1280\" src=\"https:\/\/vinciingenieria.com\/wp-content\/uploads\/2023\/12\/quienes-somos-2.jpg\" class=\"attachment-full size-full wp-image-336\" alt=\"\" srcset=\"https:\/\/vinciingenieria.com\/wp-content\/uploads\/2023\/12\/quienes-somos-2.jpg 1920w, https:\/\/vinciingenieria.com\/wp-content\/uploads\/2023\/12\/quienes-somos-2-300x200.jpg 300w, https:\/\/vinciingenieria.com\/wp-content\/uploads\/2023\/12\/quienes-somos-2-1024x683.jpg 1024w, https:\/\/vinciingenieria.com\/wp-content\/uploads\/2023\/12\/quienes-somos-2-768x512.jpg 768w, https:\/\/vinciingenieria.com\/wp-content\/uploads\/2023\/12\/quienes-somos-2-1536x1024.jpg 1536w\" sizes=\"(max-width: 1920px) 100vw, 1920px\" \/>\t\t\t\t\t\t\t\t\t\t\t\t\t\t\t<\/div>\n\t\t\t\t<\/div>\n\t\t\t\t\t<\/div>\n\t\t\t\t<\/div>\n\t\t<div class=\"elementor-element elementor-element-9c3c75f e-flex e-con-boxed e-con e-child\" data-id=\"9c3c75f\" data-element_type=\"container\">\n\t\t\t\t\t<div class=\"e-con-inner\">\n\t\t\t\t<div class=\"elementor-element elementor-element-6b7ae62 elementor-widget elementor-widget-text-editor\" data-id=\"6b7ae62\" data-element_type=\"widget\" data-widget_type=\"text-editor.default\">\n\t\t\t\t<div class=\"elementor-widget-container\">\n\t\t\t\t\t\t\t\t\t<p><strong>En VINCI Ingenier\u00eda y Mantenimiento<\/strong>, nuestra pasi\u00f3n es construir el futuro con innovaci\u00f3n. Como expertos en ingenier\u00eda b\u00e1sica y de detalle, consultor\u00eda, dise\u00f1o, intervenci\u00f3n de proyectos, mantenimientos, virtualizaci\u00f3n, sistemas de seguridad, infraestructura, y energ\u00edas renovables, nos dedicamos a ofrecer soluciones integrales para satisfacer las necesidades de nuestros clientes.<\/p><p>Nuestro prop\u00f3sito es claro: proporcionar servicios de alta calidad, aprovechando avances tecnol\u00f3gicos y un enfoque novedoso en cada proyecto. En 2023, seguimos comprometidos con la sostenibilidad y el cuidado del medio ambiente en cada paso que damos.<\/p>\t\t\t\t\t\t\t\t<\/div>\n\t\t\t\t<\/div>\n\t\t\t\t\t<\/div>\n\t\t\t\t<\/div>\n\t\t\t\t\t<\/div>\n\t\t\t\t<\/div>\n\t\t<div class=\"elementor-element elementor-element-1186b3b e-flex e-con-boxed e-con e-parent\" data-id=\"1186b3b\" data-element_type=\"container\" data-settings=\"{&quot;background_background&quot;:&quot;classic&quot;}\">\n\t\t\t\t\t<div class=\"e-con-inner\">\n\t\t<div class=\"elementor-element elementor-element-da37d51 e-flex e-con-boxed e-con e-child\" data-id=\"da37d51\" data-element_type=\"container\">\n\t\t\t\t\t<div class=\"e-con-inner\">\n\t\t\t\t<div class=\"elementor-element elementor-element-16eee97 elementor-widget elementor-widget-text-editor\" data-id=\"16eee97\" data-element_type=\"widget\" data-widget_type=\"text-editor.default\">\n\t\t\t\t<div class=\"elementor-widget-container\">\n\t\t\t\t\t\t\t\t\t<p>Con presencia en Bogot\u00e1 y alcance en diversas regiones, desarrollamos una comunicaci\u00f3n constante con nuestros clientes, brindando cobertura integral desde el inicio de cada proyecto hasta la mitigaci\u00f3n de cualquier eventualidad. En VINCI Ingenier\u00eda y Mantenimiento, construimos relaciones s\u00f3lidas y soluciones adaptadas a sus desaf\u00edos. Somos m\u00e1s que ingenieros; somos sus socios estrat\u00e9gicos para el \u00e9xito empresarial.<\/p>\t\t\t\t\t\t\t\t<\/div>\n\t\t\t\t<\/div>\n\t\t\t\t\t<\/div>\n\t\t\t\t<\/div>\n\t\t<div class=\"elementor-element elementor-element-fd8a0ac e-flex e-con-boxed e-con e-child\" data-id=\"fd8a0ac\" data-element_type=\"container\">\n\t\t\t\t\t<div class=\"e-con-inner\">\n\t\t\t\t<div class=\"elementor-element elementor-element-b2ad418 elementor-widget elementor-widget-image\" data-id=\"b2ad418\" data-element_type=\"widget\" data-widget_type=\"image.default\">\n\t\t\t\t<div class=\"elementor-widget-container\">\n\t\t\t\t\t\t\t\t\t\t\t\t\t\t\t<img decoding=\"async\" width=\"1920\" height=\"1280\" src=\"https:\/\/vinciingenieria.com\/wp-content\/uploads\/2023\/12\/quienes-somos-4.jpg\" class=\"attachment-full size-full wp-image-335\" alt=\"\" srcset=\"https:\/\/vinciingenieria.com\/wp-content\/uploads\/2023\/12\/quienes-somos-4.jpg 1920w, https:\/\/vinciingenieria.com\/wp-content\/uploads\/2023\/12\/quienes-somos-4-300x200.jpg 300w, https:\/\/vinciingenieria.com\/wp-content\/uploads\/2023\/12\/quienes-somos-4-1024x683.jpg 1024w, https:\/\/vinciingenieria.com\/wp-content\/uploads\/2023\/12\/quienes-somos-4-768x512.jpg 768w, https:\/\/vinciingenieria.com\/wp-content\/uploads\/2023\/12\/quienes-somos-4-1536x1024.jpg 1536w\" sizes=\"(max-width: 1920px) 100vw, 1920px\" \/>\t\t\t\t\t\t\t\t\t\t\t\t\t\t\t<\/div>\n\t\t\t\t<\/div>\n\t\t\t\t\t<\/div>\n\t\t\t\t<\/div>\n\t\t\t\t\t<\/div>\n\t\t\t\t<\/div>\n\t\t\t\t<\/div>\n\t\t","protected":false},"excerpt":{"rendered":"<p>QUI\u00c9NES SOMOS VINCI INGENIERIA Y MANTENIMIENTO S.A.S &#8211; INGENIER\u00cdA EN FACILITY MANAGER Cont\u00e1ctanos ahora Scroll Con\u00f3cenos Nuestra pasi\u00f3n es construir el futuro con innovaci\u00f3n. En VINCI Ingenier\u00eda y Mantenimiento, nuestra pasi\u00f3n es construir el futuro con innovaci\u00f3n. Como expertos en ingenier\u00eda b\u00e1sica y de detalle, consultor\u00eda, dise\u00f1o, intervenci\u00f3n de proyectos, mantenimientos, virtualizaci\u00f3n, sistemas de seguridad, [&hellip;]<\/p>\n","protected":false},"author":1,"featured_media":0,"parent":0,"menu_order":0,"comment_status":"closed","ping_status":"closed","template":"elementor_header_footer","meta":{"footnotes":""},"class_list":["post-13","page","type-page","status-publish","hentry"],"_links":{"self":[{"href":"https:\/\/vinciingenieria.com\/index.php\/wp-json\/wp\/v2\/pages\/13","targetHints":{"allow":["GET"]}}],"collection":[{"href":"https:\/\/vinciingenieria.com\/index.php\/wp-json\/wp\/v2\/pages"}],"about":[{"href":"https:\/\/vinciingenieria.com\/index.php\/wp-json\/wp\/v2\/types\/page"}],"author":[{"embeddable":true,"href":"https:\/\/vinciingenieria.com\/index.php\/wp-json\/wp\/v2\/users\/1"}],"replies":[{"embeddable":true,"href":"https:\/\/vinciingenieria.com\/index.php\/wp-json\/wp\/v2\/comments?post=13"}],"version-history":[{"count":22,"href":"https:\/\/vinciingenieria.com\/index.php\/wp-json\/wp\/v2\/pages\/13\/revisions"}],"predecessor-version":[{"id":368,"href":"https:\/\/vinciingenieria.com\/index.php\/wp-json\/wp\/v2\/pages\/13\/revisions\/368"}],"wp:attachment":[{"href":"https:\/\/vinciingenieria.com\/index.php\/wp-json\/wp\/v2\/media?parent=13"}],"curies":[{"name":"wp","href":"https:\/\/api.w.org\/{rel}","templated":true}]}}